{"id":1266,"date":"2023-10-27T14:42:36","date_gmt":"2023-10-27T12:42:36","guid":{"rendered":"https:\/\/omra-asso.fr\/?page_id=1266"},"modified":"2025-08-26T15:30:05","modified_gmt":"2025-08-26T13:30:05","slug":"adhesion-renouvellement","status":"publish","type":"page","link":"https:\/\/omra-asso.fr\/index.php\/adhesion-renouvellement\/","title":{"rendered":"Adh\u00e9sion &#038; Renouvellement"},"content":{"rendered":"\t\t<div data-elementor-type=\"wp-page\" data-elementor-id=\"1266\" class=\"elementor elementor-1266\">\n\t\t\t\t\t\t<section class=\"elementor-section elementor-top-section elementor-element elementor-element-8ce6720 elementor-section-boxed elementor-section-height-default elementor-section-height-default\" data-id=\"8ce6720\" data-element_type=\"section\" data-e-type=\"section\" data-settings=\"{&quot;background_background&quot;:&quot;classic&quot;}\">\n\t\t\t\t\t\t\t<div class=\"elementor-background-overlay\"><\/div>\n\t\t\t\t\t\t\t<div class=\"elementor-container elementor-column-gap-no\">\n\t\t\t\t\t<div class=\"elementor-column elementor-col-50 elementor-top-column elementor-element elementor-element-b341cfa\" data-id=\"b341cfa\" data-element_type=\"column\" data-e-type=\"column\">\n\t\t\t<div class=\"elementor-widget-wrap elementor-element-populated\">\n\t\t\t\t\t\t<div class=\"elementor-element elementor-element-6056509 elementor-vertical-align-top elementor-widget elementor-widget-image-box\" data-id=\"6056509\" data-element_type=\"widget\" data-e-type=\"widget\" data-widget_type=\"image-box.default\">\n\t\t\t\t\t<div class=\"elementor-image-box-wrapper\"><div class=\"elementor-image-box-content\"><h3 class=\"elementor-image-box-title\">Adh\u00e9sion et Renouvellement a l'OMRA<\/h3><\/div><\/div>\t\t\t\t<\/div>\n\t\t\t\t\t<\/div>\n\t\t<\/div>\n\t\t\t\t<div class=\"elementor-column elementor-col-50 elementor-top-column elementor-element elementor-element-354ca86\" data-id=\"354ca86\" data-element_type=\"column\" data-e-type=\"column\">\n\t\t\t<div class=\"elementor-widget-wrap elementor-element-populated\">\n\t\t\t\t\t\t<div class=\"elementor-element elementor-element-4f65043 elementor-widget__width-initial elementor-widget elementor-widget-image\" data-id=\"4f65043\" data-element_type=\"widget\" data-e-type=\"widget\" data-widget_type=\"image.default\">\n\t\t\t\t\t\t\t\t\t\t\t\t\t\t\t<img fetchpriority=\"high\" decoding=\"async\" width=\"2560\" height=\"1586\" src=\"https:\/\/omra-asso.fr\/wp-content\/uploads\/2023\/12\/Photo-de-Montelimar-scaled.jpg\" class=\"attachment-full size-full wp-image-3074\" alt=\"\" srcset=\"https:\/\/omra-asso.fr\/wp-content\/uploads\/2023\/12\/Photo-de-Montelimar-scaled.jpg 2560w, https:\/\/omra-asso.fr\/wp-content\/uploads\/2023\/12\/Photo-de-Montelimar-300x186.jpg 300w, https:\/\/omra-asso.fr\/wp-content\/uploads\/2023\/12\/Photo-de-Montelimar-1024x634.jpg 1024w, https:\/\/omra-asso.fr\/wp-content\/uploads\/2023\/12\/Photo-de-Montelimar-768x476.jpg 768w, https:\/\/omra-asso.fr\/wp-content\/uploads\/2023\/12\/Photo-de-Montelimar-1536x952.jpg 1536w, https:\/\/omra-asso.fr\/wp-content\/uploads\/2023\/12\/Photo-de-Montelimar-2048x1269.jpg 2048w\" sizes=\"(max-width: 2560px) 100vw, 2560px\" \/>\t\t\t\t\t\t\t\t\t\t\t\t\t\t\t<\/div>\n\t\t\t\t\t<\/div>\n\t\t<\/div>\n\t\t\t\t\t<\/div>\n\t\t<\/section>\n\t\t<div class=\"elementor-element elementor-element-16712dd e-flex e-con-boxed e-con e-parent\" data-id=\"16712dd\" data-element_type=\"container\" data-e-type=\"container\">\n\t\t\t\t\t<div class=\"e-con-inner\">\n\t\t<div class=\"elementor-element elementor-element-d7642c9 e-con-full e-flex e-con e-child\" data-id=\"d7642c9\" data-element_type=\"container\" data-e-type=\"container\">\n\t\t\t\t<div class=\"elementor-element elementor-element-f0a1357 elementor-widget elementor-widget-heading\" data-id=\"f0a1357\" data-element_type=\"widget\" data-e-type=\"widget\" data-widget_type=\"heading.default\">\n\t\t\t\t\t<h2 class=\"elementor-heading-title elementor-size-default\">Pourquoi adh\u00e9rer ?<\/h2>\t\t\t\t<\/div>\n\t\t\t\t<div class=\"elementor-element elementor-element-fda8995 elementor-widget elementor-widget-text-editor\" data-id=\"fda8995\" data-element_type=\"widget\" data-e-type=\"widget\" data-widget_type=\"text-editor.default\">\n\t\t\t\t\t\t\t\t\t<p>En adh\u00e9rant \u00e0 l\u2019OMRA, vous obtenez la carte \u00ab\u00a0OMRA Prestige\u00a0\u00bb Exceptionnellement, votre cotisation 2025 sera valable jusqu&rsquo;au 31 d\u00e9cembre 2025<br \/>Sur pr\u00e9sentation, elle ouvre droit :<\/p><ul><li>\u00c0 l&rsquo;obtention de r\u00e9ductions dans plus de 130 commerces Montiliens et associations, partenaires de l&rsquo;OMRA, identifiables\u00a0<strong>gr\u00e2ce \u00e0 l&rsquo;autocollant<\/strong>\u00a0ci-contre. Cette carte augmente le pouvoir d\u2019achat des porteurs et favorise ainsi le commerce de proximit\u00e9 de notre ville.<\/li><li>\u00c0 l\u2019acc\u00e8s aux diff\u00e9rentes manifestations organis\u00e9es par l\u2019association (bal, repas, voyage, etc.)<\/li><\/ul>\t\t\t\t\t\t\t\t<\/div>\n\t\t\t\t<\/div>\n\t\t<div class=\"elementor-element elementor-element-ce3da81 e-con-full e-flex e-con e-child\" data-id=\"ce3da81\" data-element_type=\"container\" data-e-type=\"container\">\n\t\t\t\t<div class=\"elementor-element elementor-element-bdbccab elementor-widget elementor-widget-image\" data-id=\"bdbccab\" data-element_type=\"widget\" data-e-type=\"widget\" data-widget_type=\"image.default\">\n\t\t\t\t\t\t\t\t\t\t\t\t\t\t\t\t<a href=\"https:\/\/omra-asso.fr\/wp-content\/uploads\/2024\/12\/Avantages-2025-4-1.pdf\" target=\"_blank\">\n\t\t\t\t\t\t\t<img decoding=\"async\" width=\"200\" height=\"54\" src=\"https:\/\/omra-asso.fr\/wp-content\/uploads\/2023\/10\/Logo-OMRA.png\" class=\"attachment-large size-large wp-image-12\" alt=\"\" \/>\t\t\t\t\t\t\t\t<\/a>\n\t\t\t\t\t\t\t\t\t\t\t\t\t\t\t<\/div>\n\t\t\t\t<div class=\"elementor-element elementor-element-6905463 elementor-widget elementor-widget-heading\" data-id=\"6905463\" data-element_type=\"widget\" data-e-type=\"widget\" data-widget_type=\"heading.default\">\n\t\t\t\t\t<h6 class=\"elementor-heading-title elementor-size-default\"><a href=\"https:\/\/omra-asso.fr\/wp-content\/uploads\/2024\/12\/Avantages-2025-4-1.pdf\">Cliquez sur l\u2019autocollant pour conna\u00eetre la liste de nos partenaires\n\n<\/a><\/h6>\t\t\t\t<\/div>\n\t\t\t\t<\/div>\n\t\t\t\t\t<\/div>\n\t\t\t\t<\/div>\n\t\t<div class=\"elementor-element elementor-element-1527509 e-flex e-con-boxed e-con e-parent\" data-id=\"1527509\" data-element_type=\"container\" data-e-type=\"container\">\n\t\t\t\t\t<div class=\"e-con-inner\">\n\t\t<div class=\"elementor-element elementor-element-9ea5057 e-con-full e-flex e-con e-child\" data-id=\"9ea5057\" data-element_type=\"container\" data-e-type=\"container\">\n\t\t\t\t<div class=\"elementor-element elementor-element-a2e7172 elementor-widget elementor-widget-heading\" data-id=\"a2e7172\" data-element_type=\"widget\" data-e-type=\"widget\" data-widget_type=\"heading.default\">\n\t\t\t\t\t<h2 class=\"elementor-heading-title elementor-size-default\">Comment adh\u00e9rer \u00e0 l\u2019OMRA ?\n<\/h2>\t\t\t\t<\/div>\n\t\t\t\t<div class=\"elementor-element elementor-element-8b095f6 elementor-widget elementor-widget-text-editor\" data-id=\"8b095f6\" data-element_type=\"widget\" data-e-type=\"widget\" data-widget_type=\"text-editor.default\">\n\t\t\t\t\t\t\t\t\t<p>Toutes les personnes de 60 ans et plus, int\u00e9ress\u00e9es par l\u2019adh\u00e9sion \u00e0 l\u2019OMRA peuvent :<\/p><ul><li>Se pr\u00e9senter au secr\u00e9tariat de l&rsquo;OMRA, Maison des Services Publics &#8211; 1 avenue Saint Martin &#8211; 4\u00e8me \u00e9tage sud \u2013 bureau 403 \u00e0 MONTELIMAR, du lundi au jeudi de 9h30 \u00e0 11h30\u00a0 muni d&rsquo;une pi\u00e8ce d&rsquo;identit\u00e9, d\u2019une photo et d\u2019un justificatif de domicile ou de la carte d\u2019adh\u00e9sion \u00e0 une association de seniors ou l\u2019ancienne carte de l\u2019OMRA et d\u2019un r\u00e8glement de 10 \u20ac par personne<\/li><\/ul>\t\t\t\t\t\t\t\t<\/div>\n\t\t\t\t<\/div>\n\t\t<div class=\"elementor-element elementor-element-474128c e-con-full e-flex e-con e-child\" data-id=\"474128c\" data-element_type=\"container\" data-e-type=\"container\">\n\t\t\t\t<div class=\"elementor-element elementor-element-c5d8bc5 elementor-widget elementor-widget-image\" data-id=\"c5d8bc5\" data-element_type=\"widget\" data-e-type=\"widget\" data-widget_type=\"image.default\">\n\t\t\t\t\t\t\t\t\t\t\t\t\t\t\t\t<a href=\"https:\/\/omra-asso.fr\/wp-content\/uploads\/2025\/08\/Bulletin-Adhesion-OMRA-2025-2026-1.doc\" target=\"_blank\">\n\t\t\t\t\t\t\t<img decoding=\"async\" width=\"121\" height=\"121\" src=\"https:\/\/omra-asso.fr\/wp-content\/uploads\/2023\/10\/image.png\" class=\"attachment-large size-large wp-image-1283\" alt=\"\" \/>\t\t\t\t\t\t\t\t<\/a>\n\t\t\t\t\t\t\t\t\t\t\t\t\t\t\t<\/div>\n\t\t\t\t<div class=\"elementor-element elementor-element-27883f4 elementor-widget elementor-widget-heading\" data-id=\"27883f4\" data-element_type=\"widget\" data-e-type=\"widget\" data-widget_type=\"heading.default\">\n\t\t\t\t\t<h6 class=\"elementor-heading-title elementor-size-default\"><a href=\"https:\/\/omra-asso.fr\/wp-content\/uploads\/2023\/12\/Bulletin-Adhesion-OMRA-2024-1.pdf\">cliquez sur l'image\npour t\u00e9l\u00e9charger le bulletin d'adh\u00e9sion <\/a><\/h6>\t\t\t\t<\/div>\n\t\t\t\t<\/div>\n\t\t\t\t\t<\/div>\n\t\t\t\t<\/div>\n\t\t<div class=\"elementor-element elementor-element-b77f4e2 e-flex e-con-boxed e-con e-parent\" data-id=\"b77f4e2\" data-element_type=\"container\" data-e-type=\"container\">\n\t\t\t\t\t<div class=\"e-con-inner\">\n\t\t<div class=\"elementor-element elementor-element-42cef21 e-con-full e-flex e-con e-child\" data-id=\"42cef21\" data-element_type=\"container\" data-e-type=\"container\">\n\t\t\t\t<div class=\"elementor-element elementor-element-cd6eed9 elementor-widget elementor-widget-heading\" data-id=\"cd6eed9\" data-element_type=\"widget\" data-e-type=\"widget\" data-widget_type=\"heading.default\">\n\t\t\t\t\t<h2 class=\"elementor-heading-title elementor-size-default\">Renouveler la carte OMRA<\/h2>\t\t\t\t<\/div>\n\t\t\t\t<div class=\"elementor-element elementor-element-731857f elementor-widget elementor-widget-text-editor\" data-id=\"731857f\" data-element_type=\"widget\" data-e-type=\"widget\" data-widget_type=\"text-editor.default\">\n\t\t\t\t\t\t\t\t\t<ul><li>Il est absolument n\u00e9cessaire que les porteurs des cartes d\u00e9livr\u00e9es les ann\u00e9es pr\u00e9c\u00e9dentes renouvellent leur adh\u00e9sion au titre de la nouvelle saison pour qu&rsquo;elles soient valables jusqu&rsquo;au 31 d\u00e9cembre.<\/li><\/ul>\t\t\t\t\t\t\t\t<\/div>\n\t\t\t\t<\/div>\n\t\t<div class=\"elementor-element elementor-element-fce2493 e-con-full e-flex e-con e-child\" data-id=\"fce2493\" data-element_type=\"container\" data-e-type=\"container\">\n\t\t\t\t<div class=\"elementor-element elementor-element-596d906 elementor-widget elementor-widget-image\" data-id=\"596d906\" data-element_type=\"widget\" data-e-type=\"widget\" data-widget_type=\"image.default\">\n\t\t\t\t\t\t\t\t\t\t\t\t\t\t\t\t<a href=\"https:\/\/omra-asso.fr\/wp-content\/uploads\/2025\/08\/Renouvellement-adhesion-OMRA-Saison-2025-2026-1.pdf\" target=\"_blank\">\n\t\t\t\t\t\t\t<img loading=\"lazy\" decoding=\"async\" width=\"125\" height=\"87\" src=\"https:\/\/omra-asso.fr\/wp-content\/uploads\/2023\/10\/image-1.jpg\" class=\"attachment-large size-large wp-image-1284\" alt=\"\" \/>\t\t\t\t\t\t\t\t<\/a>\n\t\t\t\t\t\t\t\t\t\t\t\t\t\t\t<\/div>\n\t\t\t\t<div class=\"elementor-element elementor-element-839db7c elementor-widget elementor-widget-heading\" data-id=\"839db7c\" data-element_type=\"widget\" data-e-type=\"widget\" data-widget_type=\"heading.default\">\n\t\t\t\t\t<h6 class=\"elementor-heading-title elementor-size-default\">cliquez sur l'image pour t\u00e9l\u00e9charger le bulletin de Renouvellement d'adh\u00e9sion 2025-2026 \n<\/h6>\t\t\t\t<\/div>\n\t\t\t\t<\/div>\n\t\t\t\t\t<\/div>\n\t\t\t\t<\/div>\n\t\t<div class=\"elementor-element elementor-element-630e6b3 e-flex e-con-boxed e-con e-parent\" data-id=\"630e6b3\" data-element_type=\"container\" data-e-type=\"container\">\n\t\t\t\t\t<div class=\"e-con-inner\">\n\t\t<div class=\"elementor-element elementor-element-9f6a56e e-con-full e-flex e-con e-child\" data-id=\"9f6a56e\" data-element_type=\"container\" data-e-type=\"container\">\n\t\t\t\t<div class=\"elementor-element elementor-element-f641a53 elementor-widget elementor-widget-heading\" data-id=\"f641a53\" data-element_type=\"widget\" data-e-type=\"widget\" data-widget_type=\"heading.default\">\n\t\t\t\t\t<h2 class=\"elementor-heading-title elementor-size-default\">Refaire la carte OMRA en cas de perte<\/h2>\t\t\t\t<\/div>\n\t\t\t\t<div class=\"elementor-element elementor-element-60bd021 elementor-widget elementor-widget-text-editor\" data-id=\"60bd021\" data-element_type=\"widget\" data-e-type=\"widget\" data-widget_type=\"text-editor.default\">\n\t\t\t\t\t\t\t\t\t<div id=\"cc-m-8692322515\" class=\"j-module n j-text \"><ul><li>Ce duplicata de la carte est gratuit si vous \u00eates \u00e0 jour de cotisation<\/li><\/ul><\/div><div id=\"cc-m-8692325015\" class=\"j-module n j-spacing \">\u00a0<\/div>\t\t\t\t\t\t\t\t<\/div>\n\t\t\t\t<\/div>\n\t\t<div class=\"elementor-element elementor-element-e3f1d98 e-con-full e-flex e-con e-child\" data-id=\"e3f1d98\" data-element_type=\"container\" data-e-type=\"container\">\n\t\t\t\t<div class=\"elementor-element elementor-element-5302eda elementor-widget elementor-widget-image\" data-id=\"5302eda\" data-element_type=\"widget\" data-e-type=\"widget\" data-widget_type=\"image.default\">\n\t\t\t\t\t\t\t\t\t\t\t\t\t\t\t\t<a href=\"http:\/\/omra-asso.fr\/wp-content\/uploads\/2023\/10\/Duplicata-en-cas-de-perte-carte-Omra.pdf\" target=\"_blank\">\n\t\t\t\t\t\t\t<img loading=\"lazy\" decoding=\"async\" width=\"125\" height=\"87\" src=\"https:\/\/omra-asso.fr\/wp-content\/uploads\/2023\/10\/image-1-1.jpg\" class=\"attachment-large size-large wp-image-1285\" alt=\"\" \/>\t\t\t\t\t\t\t\t<\/a>\n\t\t\t\t\t\t\t\t\t\t\t\t\t\t\t<\/div>\n\t\t\t\t<div class=\"elementor-element elementor-element-ed9240d elementor-widget elementor-widget-heading\" data-id=\"ed9240d\" data-element_type=\"widget\" data-e-type=\"widget\" data-widget_type=\"heading.default\">\n\t\t\t\t\t<h6 class=\"elementor-heading-title elementor-size-default\">cliquez sur l'image pour t\u00e9l\u00e9charger la demande \nde duplicata \nen cas de perte                        \n<\/h6>\t\t\t\t<\/div>\n\t\t\t\t<\/div>\n\t\t\t\t\t<\/div>\n\t\t\t\t<\/div>\n\t\t<div class=\"elementor-element elementor-element-a2649ca e-flex e-con-boxed e-con e-parent\" data-id=\"a2649ca\" data-element_type=\"container\" data-e-type=\"container\">\n\t\t\t\t\t<div class=\"e-con-inner\">\n\t\t\t\t<div class=\"elementor-element elementor-element-2a2e8e3 elementor-widget elementor-widget-spacer\" data-id=\"2a2e8e3\" data-element_type=\"widget\" data-e-type=\"widget\" data-widget_type=\"spacer.default\">\n\t\t\t\t\t\t\t<div class=\"elementor-spacer\">\n\t\t\t<div class=\"elementor-spacer-inner\"><\/div>\n\t\t<\/div>\n\t\t\t\t\t\t<\/div>\n\t\t\t\t\t<\/div>\n\t\t\t\t<\/div>\n\t\t\t\t<\/div>\n\t\t","protected":false},"excerpt":{"rendered":"<p>Adh\u00e9sion et Renouvellement a l&rsquo;OMRA Pourquoi adh\u00e9rer ? En adh\u00e9rant \u00e0 l\u2019OMRA, vous obtenez la carte \u00ab\u00a0OMRA Prestige\u00a0\u00bb Exceptionnellement, votre cotisation 2025 sera valable jusqu&rsquo;au 31 d\u00e9cembre 2025Sur pr\u00e9sentation, elle ouvre droit : \u00c0 l&rsquo;obtention de r\u00e9ductions dans plus de 130 commerces Montiliens et associations, partenaires de l&rsquo;OMRA, identifiables\u00a0gr\u00e2ce \u00e0 l&rsquo;autocollant\u00a0ci-contre. Cette carte augmente le [&hellip;]<\/p>\n","protected":false},"author":1,"featured_media":0,"parent":0,"menu_order":0,"comment_status":"closed","ping_status":"closed","template":"","meta":{"site-sidebar-layout":"no-sidebar","site-content-layout":"page-builder","ast-site-content-layout":"full-width-container","site-content-style":"unboxed","site-sidebar-style":"unboxed","ast-global-header-display":"","ast-banner-title-visibility":"","ast-main-header-display":"","ast-hfb-above-header-display":"","ast-hfb-below-header-display":"","ast-hfb-mobile-header-display":"","site-post-title":"disabled","ast-breadcrumbs-content":"","ast-featured-img":"disabled","footer-sml-layout":"","ast-disable-related-posts":"","theme-transparent-header-meta":"enabled","adv-header-id-meta":"","stick-header-meta":"","header-above-stick-meta":"","header-main-stick-meta":"","header-below-stick-meta":"","astra-migrate-meta-layouts":"set","ast-page-background-enabled":"default","ast-page-background-meta":{"desktop":{"background-color":"","background-image":"","background-repeat":"repeat","background-position":"center center","background-size":"auto","background-attachment":"scroll","background-type":"","background-media":"","overlay-type":"","overlay-color":"","overlay-opacity":"","overlay-gradient":""},"tablet":{"background-color":"","background-image":"","background-repeat":"repeat","background-position":"center center","background-size":"auto","background-attachment":"scroll","background-type":"","background-media":"","overlay-type":"","overlay-color":"","overlay-opacity":"","overlay-gradient":""},"mobile":{"background-color":"","background-image":"","background-repeat":"repeat","background-position":"center center","background-size":"auto","background-attachment":"scroll","background-type":"","background-media":"","overlay-type":"","overlay-color":"","overlay-opacity":"","overlay-gradient":""}},"ast-content-background-meta":{"desktop":{"background-color":"var(--ast-global-color-5)","background-image":"","background-repeat":"repeat","background-position":"center center","background-size":"auto","background-attachment":"scroll","background-type":"","background-media":"","overlay-type":"","overlay-color":"","overlay-opacity":"","overlay-gradient":""},"tablet":{"background-color":"var(--ast-global-color-5)","background-image":"","background-repeat":"repeat","background-position":"center center","background-size":"auto","background-attachment":"scroll","background-type":"","background-media":"","overlay-type":"","overlay-color":"","overlay-opacity":"","overlay-gradient":""},"mobile":{"background-color":"var(--ast-global-color-5)","background-image":"","background-repeat":"repeat","background-position":"center center","background-size":"auto","background-attachment":"scroll","background-type":"","background-media":"","overlay-type":"","overlay-color":"","overlay-opacity":"","overlay-gradient":""}},"footnotes":""},"class_list":["post-1266","page","type-page","status-publish","hentry"],"_links":{"self":[{"href":"https:\/\/omra-asso.fr\/index.php\/wp-json\/wp\/v2\/pages\/1266","targetHints":{"allow":["GET"]}}],"collection":[{"href":"https:\/\/omra-asso.fr\/index.php\/wp-json\/wp\/v2\/pages"}],"about":[{"href":"https:\/\/omra-asso.fr\/index.php\/wp-json\/wp\/v2\/types\/page"}],"author":[{"embeddable":true,"href":"https:\/\/omra-asso.fr\/index.php\/wp-json\/wp\/v2\/users\/1"}],"replies":[{"embeddable":true,"href":"https:\/\/omra-asso.fr\/index.php\/wp-json\/wp\/v2\/comments?post=1266"}],"version-history":[{"count":190,"href":"https:\/\/omra-asso.fr\/index.php\/wp-json\/wp\/v2\/pages\/1266\/revisions"}],"predecessor-version":[{"id":6511,"href":"https:\/\/omra-asso.fr\/index.php\/wp-json\/wp\/v2\/pages\/1266\/revisions\/6511"}],"wp:attachment":[{"href":"https:\/\/omra-asso.fr\/index.php\/wp-json\/wp\/v2\/media?parent=1266"}],"curies":[{"name":"wp","href":"https:\/\/api.w.org\/{rel}","templated":true}]}}